{"id":103,"date":"2022-03-13T16:29:27","date_gmt":"2022-03-13T15:29:27","guid":{"rendered":"https:\/\/www.jardindelavegeyre.fr\/?post_type=product&#038;p=103"},"modified":"2026-04-24T08:10:47","modified_gmt":"2026-04-24T06:10:47","slug":"thai","status":"publish","type":"product","link":"https:\/\/www.jardindelavegeyre.fr\/index.php\/produit\/thai\/","title":{"rendered":"Basilic thai"},"content":{"rendered":"<p>Le basilic Tha\u00ef poss\u00e8de une saveur de basilic sucr\u00e9 avec un soup\u00e7on d&rsquo;anis. La tige de la plante est de couleur violet fonc\u00e9 avec de belles fleurs rose-lilas. Cette vari\u00e9t\u00e9 peut-\u00eatre utilis\u00e9e \u00e0 la fois fra\u00eeche et s\u00e9ch\u00e9e<\/p>\n","protected":false},"excerpt":{"rendered":"<p>Le basilic Tha\u00ef poss\u00e8de une saveur de basilic sucr\u00e9 avec un soup\u00e7on d&rsquo;anis. La tige de la plante est de couleur violet fonc\u00e9 avec de belles fleurs rose-lilas. Cette vari\u00e9t\u00e9 peut-\u00eatre utilis\u00e9e \u00e0 la fois fra\u00eeche et s\u00e9ch\u00e9e<\/p>\n","protected":false},"featured_media":1494,"comment_status":"open","ping_status":"closed","template":"","meta":[],"product_brand":[],"product_cat":[23],"product_tag":[],"class_list":{"0":"post-103","1":"product","2":"type-product","3":"status-publish","4":"has-post-thumbnail","6":"product_cat-aromatique","8":"first","9":"instock","10":"shipping-taxable","11":"purchasable","12":"product-type-simple"},"_links":{"self":[{"href":"https:\/\/www.jardindelavegeyre.fr\/index.php\/wp-json\/wp\/v2\/product\/103","targetHints":{"allow":["GET"]}}],"collection":[{"href":"https:\/\/www.jardindelavegeyre.fr\/index.php\/wp-json\/wp\/v2\/product"}],"about":[{"href":"https:\/\/www.jardindelavegeyre.fr\/index.php\/wp-json\/wp\/v2\/types\/product"}],"replies":[{"embeddable":true,"href":"https:\/\/www.jardindelavegeyre.fr\/index.php\/wp-json\/wp\/v2\/comments?post=103"}],"wp:featuredmedia":[{"embeddable":true,"href":"https:\/\/www.jardindelavegeyre.fr\/index.php\/wp-json\/wp\/v2\/media\/1494"}],"wp:attachment":[{"href":"https:\/\/www.jardindelavegeyre.fr\/index.php\/wp-json\/wp\/v2\/media?parent=103"}],"wp:term":[{"taxonomy":"product_brand","embeddable":true,"href":"https:\/\/www.jardindelavegeyre.fr\/index.php\/wp-json\/wp\/v2\/product_brand?post=103"},{"taxonomy":"product_cat","embeddable":true,"href":"https:\/\/www.jardindelavegeyre.fr\/index.php\/wp-json\/wp\/v2\/product_cat?post=103"},{"taxonomy":"product_tag","embeddable":true,"href":"https:\/\/www.jardindelavegeyre.fr\/index.php\/wp-json\/wp\/v2\/product_tag?post=103"}],"curies":[{"name":"wp","href":"https:\/\/api.w.org\/{rel}","templated":true}]}}