{"id":1048,"date":"2022-04-02T07:45:27","date_gmt":"2022-04-02T05:45:27","guid":{"rendered":"https:\/\/www.jardindelavegeyre.fr\/?post_type=product&#038;p=1048"},"modified":"2026-01-30T07:35:03","modified_gmt":"2026-01-30T06:35:03","slug":"caramel","status":"publish","type":"product","link":"https:\/\/www.jardindelavegeyre.fr\/index.php\/produit\/caramel\/","title":{"rendered":"Vert-jaune caramel"},"content":{"rendered":"<p>Vari\u00e9t\u00e9 de type \u00ab\u00a0cerise\u00a0\u00bb \u00e0 feuilles de pomme de terre. Elle donne des grappes d&rsquo;une douzaine de jolis petits fruits jaune et verts. Chair d\u00e9licate et tr\u00e8s sucr\u00e9e. D\u00e9licieuse. Vari\u00e9t\u00e9 vigoureuse et productive. Port ind\u00e9termin\u00e9.<\/p>\n","protected":false},"excerpt":{"rendered":"<p>Vari\u00e9t\u00e9 de type \u00ab\u00a0cerise\u00a0\u00bb \u00e0 feuilles de pomme de terre. Elle donne des grappes d&rsquo;une douzaine de jolis petits fruits jaune et verts. Chair d\u00e9licate et tr\u00e8s sucr\u00e9e. D\u00e9licieuse. Vari\u00e9t\u00e9 vigoureuse et productive. Port ind\u00e9termin\u00e9.<\/p>\n","protected":false},"featured_media":1562,"comment_status":"open","ping_status":"closed","template":"","meta":[],"product_brand":[],"product_cat":[61],"product_tag":[],"class_list":{"0":"post-1048","1":"product","2":"type-product","3":"status-publish","4":"has-post-thumbnail","6":"product_cat-tomate-cerise","8":"first","9":"instock","10":"shipping-taxable","11":"purchasable","12":"product-type-simple"},"_links":{"self":[{"href":"https:\/\/www.jardindelavegeyre.fr\/index.php\/wp-json\/wp\/v2\/product\/1048","targetHints":{"allow":["GET"]}}],"collection":[{"href":"https:\/\/www.jardindelavegeyre.fr\/index.php\/wp-json\/wp\/v2\/product"}],"about":[{"href":"https:\/\/www.jardindelavegeyre.fr\/index.php\/wp-json\/wp\/v2\/types\/product"}],"replies":[{"embeddable":true,"href":"https:\/\/www.jardindelavegeyre.fr\/index.php\/wp-json\/wp\/v2\/comments?post=1048"}],"wp:featuredmedia":[{"embeddable":true,"href":"https:\/\/www.jardindelavegeyre.fr\/index.php\/wp-json\/wp\/v2\/media\/1562"}],"wp:attachment":[{"href":"https:\/\/www.jardindelavegeyre.fr\/index.php\/wp-json\/wp\/v2\/media?parent=1048"}],"wp:term":[{"taxonomy":"product_brand","embeddable":true,"href":"https:\/\/www.jardindelavegeyre.fr\/index.php\/wp-json\/wp\/v2\/product_brand?post=1048"},{"taxonomy":"product_cat","embeddable":true,"href":"https:\/\/www.jardindelavegeyre.fr\/index.php\/wp-json\/wp\/v2\/product_cat?post=1048"},{"taxonomy":"product_tag","embeddable":true,"href":"https:\/\/www.jardindelavegeyre.fr\/index.php\/wp-json\/wp\/v2\/product_tag?post=1048"}],"curies":[{"name":"wp","href":"https:\/\/api.w.org\/{rel}","templated":true}]}}