{"id":144,"date":"2022-03-13T16:57:37","date_gmt":"2022-03-13T15:57:37","guid":{"rendered":"https:\/\/www.jardindelavegeyre.fr\/?post_type=product&#038;p=144"},"modified":"2026-01-30T07:35:01","modified_gmt":"2026-01-30T06:35:01","slug":"multicolore-de-chine","status":"publish","type":"product","link":"https:\/\/www.jardindelavegeyre.fr\/index.php\/produit\/multicolore-de-chine\/","title":{"rendered":"Multicolore De Chine"},"content":{"rendered":"<p>Plante d&rsquo;environ 70 cm. Fleurs violettes. Les petits fruits (3 cm), coniques et \u00e9rig\u00e9s, passent du violet au cr\u00e8me, jaune, orange puis rouge \u00e0 maturit\u00e9. Assez fort et go\u00fbteux. Culture en pot et hivernage possible (vari\u00e9t\u00e9 vivace mais ne supportant pas les gel\u00e9es). <\/p>\n","protected":false},"excerpt":{"rendered":"<p>Plante d&rsquo;environ 70 cm. Fleurs violettes. Les petits fruits (3 cm), coniques et \u00e9rig\u00e9s, passent du violet au cr\u00e8me, jaune, orange puis rouge \u00e0 maturit\u00e9. Assez fort et go\u00fbteux. Culture en pot et hivernage possible (vari\u00e9t\u00e9 vivace mais ne supportant pas les gel\u00e9es).<\/p>\n","protected":false},"featured_media":1534,"comment_status":"open","ping_status":"closed","template":"","meta":[],"product_brand":[],"product_cat":[59],"product_tag":[],"class_list":{"0":"post-144","1":"product","2":"type-product","3":"status-publish","4":"has-post-thumbnail","6":"product_cat-piment","8":"first","9":"instock","10":"shipping-taxable","11":"purchasable","12":"product-type-simple"},"_links":{"self":[{"href":"https:\/\/www.jardindelavegeyre.fr\/index.php\/wp-json\/wp\/v2\/product\/144","targetHints":{"allow":["GET"]}}],"collection":[{"href":"https:\/\/www.jardindelavegeyre.fr\/index.php\/wp-json\/wp\/v2\/product"}],"about":[{"href":"https:\/\/www.jardindelavegeyre.fr\/index.php\/wp-json\/wp\/v2\/types\/product"}],"replies":[{"embeddable":true,"href":"https:\/\/www.jardindelavegeyre.fr\/index.php\/wp-json\/wp\/v2\/comments?post=144"}],"wp:featuredmedia":[{"embeddable":true,"href":"https:\/\/www.jardindelavegeyre.fr\/index.php\/wp-json\/wp\/v2\/media\/1534"}],"wp:attachment":[{"href":"https:\/\/www.jardindelavegeyre.fr\/index.php\/wp-json\/wp\/v2\/media?parent=144"}],"wp:term":[{"taxonomy":"product_brand","embeddable":true,"href":"https:\/\/www.jardindelavegeyre.fr\/index.php\/wp-json\/wp\/v2\/product_brand?post=144"},{"taxonomy":"product_cat","embeddable":true,"href":"https:\/\/www.jardindelavegeyre.fr\/index.php\/wp-json\/wp\/v2\/product_cat?post=144"},{"taxonomy":"product_tag","embeddable":true,"href":"https:\/\/www.jardindelavegeyre.fr\/index.php\/wp-json\/wp\/v2\/product_tag?post=144"}],"curies":[{"name":"wp","href":"https:\/\/api.w.org\/{rel}","templated":true}]}}