{"id":869,"date":"2022-03-13T16:30:02","date_gmt":"2022-03-13T15:30:02","guid":{"rendered":"https:\/\/www.jardindelavegeyre.fr\/?post_type=product&#038;p=869"},"modified":"2026-04-30T09:44:12","modified_gmt":"2026-04-30T07:44:12","slug":"basilic-purple-dark","status":"publish","type":"product","link":"https:\/\/www.jardindelavegeyre.fr\/index.php\/produit\/basilic-purple-dark\/","title":{"rendered":"Tulsi"},"content":{"rendered":"<p>Ce basilic sacr\u00e9, originaire d\u2019\u00c9thiopie, pr\u00e9sente un port tr\u00e8s ramifi\u00e9. Ses feuilles, vert fonc\u00e9 et aux bords dentel\u00e9s, offrent un parfum et une saveur \u00e9pic\u00e9e de vanille, de tutti frutti, ou encore de myrrhe.<\/p>\n","protected":false},"excerpt":{"rendered":"<p>Ce basilic sacr\u00e9, originaire d\u2019\u00c9thiopie, pr\u00e9sente un port tr\u00e8s ramifi\u00e9. Ses feuilles, vert fonc\u00e9 et aux bords dentel\u00e9s, offrent un parfum et une saveur \u00e9pic\u00e9e de vanille, de tutti frutti, ou encore de myrrhe.<\/p>\n","protected":false},"featured_media":1657,"comment_status":"open","ping_status":"closed","template":"","meta":[],"product_brand":[],"product_cat":[23],"product_tag":[],"class_list":{"0":"post-869","1":"product","2":"type-product","3":"status-publish","4":"has-post-thumbnail","6":"product_cat-aromatique","8":"first","9":"instock","10":"shipping-taxable","11":"purchasable","12":"product-type-simple"},"_links":{"self":[{"href":"https:\/\/www.jardindelavegeyre.fr\/index.php\/wp-json\/wp\/v2\/product\/869","targetHints":{"allow":["GET"]}}],"collection":[{"href":"https:\/\/www.jardindelavegeyre.fr\/index.php\/wp-json\/wp\/v2\/product"}],"about":[{"href":"https:\/\/www.jardindelavegeyre.fr\/index.php\/wp-json\/wp\/v2\/types\/product"}],"replies":[{"embeddable":true,"href":"https:\/\/www.jardindelavegeyre.fr\/index.php\/wp-json\/wp\/v2\/comments?post=869"}],"wp:featuredmedia":[{"embeddable":true,"href":"https:\/\/www.jardindelavegeyre.fr\/index.php\/wp-json\/wp\/v2\/media\/1657"}],"wp:attachment":[{"href":"https:\/\/www.jardindelavegeyre.fr\/index.php\/wp-json\/wp\/v2\/media?parent=869"}],"wp:term":[{"taxonomy":"product_brand","embeddable":true,"href":"https:\/\/www.jardindelavegeyre.fr\/index.php\/wp-json\/wp\/v2\/product_brand?post=869"},{"taxonomy":"product_cat","embeddable":true,"href":"https:\/\/www.jardindelavegeyre.fr\/index.php\/wp-json\/wp\/v2\/product_cat?post=869"},{"taxonomy":"product_tag","embeddable":true,"href":"https:\/\/www.jardindelavegeyre.fr\/index.php\/wp-json\/wp\/v2\/product_tag?post=869"}],"curies":[{"name":"wp","href":"https:\/\/api.w.org\/{rel}","templated":true}]}}