{"id":886,"date":"2022-03-13T16:35:39","date_gmt":"2022-03-13T15:35:39","guid":{"rendered":"https:\/\/www.jardindelavegeyre.fr\/?post_type=product&#038;p=886"},"modified":"2026-01-30T07:35:00","modified_gmt":"2026-01-30T06:35:00","slug":"chateaurenard","status":"publish","type":"product","link":"https:\/\/www.jardindelavegeyre.fr\/index.php\/produit\/chateaurenard\/","title":{"rendered":"Chou cabus blanc pointu de Ch\u00e2teaurenard"},"content":{"rendered":"<p>Cette tr\u00e8s ancienne vari\u00e9t\u00e9 pr\u00e9coce et rustique, adapt\u00e9e \u00e0 la culture de printemps et aux r\u00e9gions m\u00e9ridionales, forme une belle pomme \u00e0 feuilles lisses, vert-bleu et l\u00e9g\u00e8rement teint\u00e9e de rouge, d\u2019environ 1 kg et termin\u00e9e en pointe.<\/p>\n","protected":false},"excerpt":{"rendered":"<p>Cette tr\u00e8s ancienne vari\u00e9t\u00e9 pr\u00e9coce et rustique, adapt\u00e9e \u00e0 la culture de printemps et aux r\u00e9gions m\u00e9ridionales, forme une belle pomme \u00e0 feuilles lisses, vert-bleu et l\u00e9g\u00e8rement teint\u00e9e de rouge, d\u2019environ 1 kg et termin\u00e9e en pointe.<\/p>\n","protected":false},"featured_media":1521,"comment_status":"open","ping_status":"closed","template":"","meta":[],"product_brand":[],"product_cat":[73],"product_tag":[],"class_list":{"0":"post-886","1":"product","2":"type-product","3":"status-publish","4":"has-post-thumbnail","6":"product_cat-divers","8":"first","9":"instock","10":"shipping-taxable","11":"purchasable","12":"product-type-simple"},"_links":{"self":[{"href":"https:\/\/www.jardindelavegeyre.fr\/index.php\/wp-json\/wp\/v2\/product\/886","targetHints":{"allow":["GET"]}}],"collection":[{"href":"https:\/\/www.jardindelavegeyre.fr\/index.php\/wp-json\/wp\/v2\/product"}],"about":[{"href":"https:\/\/www.jardindelavegeyre.fr\/index.php\/wp-json\/wp\/v2\/types\/product"}],"replies":[{"embeddable":true,"href":"https:\/\/www.jardindelavegeyre.fr\/index.php\/wp-json\/wp\/v2\/comments?post=886"}],"wp:featuredmedia":[{"embeddable":true,"href":"https:\/\/www.jardindelavegeyre.fr\/index.php\/wp-json\/wp\/v2\/media\/1521"}],"wp:attachment":[{"href":"https:\/\/www.jardindelavegeyre.fr\/index.php\/wp-json\/wp\/v2\/media?parent=886"}],"wp:term":[{"taxonomy":"product_brand","embeddable":true,"href":"https:\/\/www.jardindelavegeyre.fr\/index.php\/wp-json\/wp\/v2\/product_brand?post=886"},{"taxonomy":"product_cat","embeddable":true,"href":"https:\/\/www.jardindelavegeyre.fr\/index.php\/wp-json\/wp\/v2\/product_cat?post=886"},{"taxonomy":"product_tag","embeddable":true,"href":"https:\/\/www.jardindelavegeyre.fr\/index.php\/wp-json\/wp\/v2\/product_tag?post=886"}],"curies":[{"name":"wp","href":"https:\/\/api.w.org\/{rel}","templated":true}]}}