{"id":918,"date":"2022-03-13T16:59:45","date_gmt":"2022-03-13T15:59:45","guid":{"rendered":"https:\/\/www.jardindelavegeyre.fr\/?post_type=product&#038;p=918"},"modified":"2026-01-30T07:35:03","modified_gmt":"2026-01-30T06:35:03","slug":"black-cherry","status":"publish","type":"product","link":"https:\/\/www.jardindelavegeyre.fr\/index.php\/produit\/black-cherry\/","title":{"rendered":"Black Cherry"},"content":{"rendered":"<p>Vari\u00e9t\u00e9 pr\u00e9coce et vigoureuse \u00e0 la croissance ind\u00e9termin\u00e9e tr\u00e8s attractive aux s\u00e9pales bien dessin\u00e9s qui soulignent de nombreux fruits ronds de 20 \u00e0 30 g d&rsquo;un pourpre lumineux. Tr\u00e8s go\u00fbteuse et sucr\u00e9e cette vari\u00e9t\u00e9 est sans conteste une merveille de la nature.<\/p>\n","protected":false},"excerpt":{"rendered":"<p>Vari\u00e9t\u00e9 pr\u00e9coce et vigoureuse \u00e0 la croissance ind\u00e9termin\u00e9e tr\u00e8s attractive aux s\u00e9pales bien dessin\u00e9s qui soulignent de nombreux fruits ronds de 20 \u00e0 30 g d&rsquo;un pourpre lumineux. Tr\u00e8s go\u00fbteuse et sucr\u00e9e cette vari\u00e9t\u00e9 est sans conteste une merveille de la nature.<\/p>\n","protected":false},"featured_media":1561,"comment_status":"open","ping_status":"closed","template":"","meta":[],"product_brand":[],"product_cat":[61],"product_tag":[],"class_list":{"0":"post-918","1":"product","2":"type-product","3":"status-publish","4":"has-post-thumbnail","6":"product_cat-tomate-cerise","8":"first","9":"instock","10":"shipping-taxable","11":"purchasable","12":"product-type-simple"},"_links":{"self":[{"href":"https:\/\/www.jardindelavegeyre.fr\/index.php\/wp-json\/wp\/v2\/product\/918","targetHints":{"allow":["GET"]}}],"collection":[{"href":"https:\/\/www.jardindelavegeyre.fr\/index.php\/wp-json\/wp\/v2\/product"}],"about":[{"href":"https:\/\/www.jardindelavegeyre.fr\/index.php\/wp-json\/wp\/v2\/types\/product"}],"replies":[{"embeddable":true,"href":"https:\/\/www.jardindelavegeyre.fr\/index.php\/wp-json\/wp\/v2\/comments?post=918"}],"wp:featuredmedia":[{"embeddable":true,"href":"https:\/\/www.jardindelavegeyre.fr\/index.php\/wp-json\/wp\/v2\/media\/1561"}],"wp:attachment":[{"href":"https:\/\/www.jardindelavegeyre.fr\/index.php\/wp-json\/wp\/v2\/media?parent=918"}],"wp:term":[{"taxonomy":"product_brand","embeddable":true,"href":"https:\/\/www.jardindelavegeyre.fr\/index.php\/wp-json\/wp\/v2\/product_brand?post=918"},{"taxonomy":"product_cat","embeddable":true,"href":"https:\/\/www.jardindelavegeyre.fr\/index.php\/wp-json\/wp\/v2\/product_cat?post=918"},{"taxonomy":"product_tag","embeddable":true,"href":"https:\/\/www.jardindelavegeyre.fr\/index.php\/wp-json\/wp\/v2\/product_tag?post=918"}],"curies":[{"name":"wp","href":"https:\/\/api.w.org\/{rel}","templated":true}]}}